n**4/24 + n**3/6 + 2*n**2. Calculate h(o).
-5
Let o(v) = -v - 1. Let g(b) = b**2 + 1. Let i(r) = g(r) + o(r). Calculate i(-1).
2
Let b(h) = -h - 6. Let t be b(-9). Let g(y) = -y**2 + 6*y - 1. What is g(t)?
8
Let g(n) = 4*n - 4. Let t be g(5). Suppose -2*p - 12 = -3*u, 3*p + t = 2*p + 4*u. Let c(a) = -a + 2 + 9 - 8 + 5. What is c(p)?
8
Suppose 0*x = x - 225. Let l be x/33 + 4/22. Let q(m) = 6*m - 1 + 0*m + 6 - l*m. What is q(4)?
1
Suppose 2*v + k = 6*k - 14, 3*k = 5*v - 3. Let m be (6/4)/v*4. Let w(p) = 2*p + 2*p - 5*p + m. What is w(-4)?
6
Let w(u) = -u**3 - 4*u**2. Let z = 1 + 1. Let g = z + -5. Give w(g).
-9
Let a(y) = -y - 1. Let p(h) = -5*h - 2. Let s = 2 + -1. Let l be ((s - 1) + -1)*-1. Let i(m) = l*p(m) - 4*a(m). Determine i(4).
-2
Let o be (-3)/(-12) - (-2)/(-8). Let z be (0 - o)*2/(-4). Let l(b) = b**2 - 3*b + 6. Let d(k) = -k**2 + 4*k - 7. Let c(m) = -2*d(m) - 3*l(m). Give c(z).
-4
Let h(z) = z - 1. Let y(l) = l - 2. Let c(b) = -7*h(b) + 3*y(b). Determine c(1).
-3
Let f(m) be the second derivative of m**6/360 - m**5/60 - m**4/4 - 3*m. Let a(k) be the third derivative of f(k). What is a(-2)?
-6
Let m(q) = q**3 - 7*q**2 + 7*q - 5. Let l(n) = 2*n - 12. Let z be l(8). Let y be (-5)/((-10)/4) + z. Give m(y).
1
Let p be 104/18 - ((-58)/18 + 3). Let i(r) = r**3 - 5*r**2 - 4*r - 4. Give i(p).
8
Let f(w) = w**2 - 3*w - 5. Let q be f(4). Let i be q/2 + (-4)/(-8). Suppose -n + 5 = -i. Let x(u) = u**3 - 4*u**2 - 8*u + 7. What is x(n)?
-8
Let i(u) be the second derivative of 10*u**3/3 + 11*u**2/2 - u. Let k(h) = 7*h + 4. Let m(c) = 6*i(c) - 17*k(c). Let p(r) = -2*r. Let w be p(2). Calculate m(w).
-6
Let k(w) be the second derivative of -4*w + 0 + 1/12*w**4 - 2*w**2 + 1/6*w**3. Give k(-4).
8
Let g(x) = -x**3 - 7*x**2 + 7*x - 2. Suppose 32 = -t - 3*t. Calculate g(t).
6
Let m(y) = -y**3 + 4*y**2 + 5*y - 7. Let i(j) = 5 + 2*j - 3*j**2 - j + 2*j**2. Let q be i(0). Determine m(q).
-7
Let n = -12 + 15. Let t(o) be the second derivative of -2*o - 1/20*o**5 - o**2 - 1/3*o**4 + 1/6*o**n + 0. Determine t(-4).
-6
Let a(n) = -n**2 + 4*n - 1. Let u(j) = j**2 - 4*j. Let v(l) = -3*a(l) - 4*u(l). Determine v(4).
3
Let m(s) = -11*s. Let v = 15 - 11. Let g be (-6)/v*10/(-15). Determine m(g).
-11
Let m(b) be the first derivative of -b**2 - 4*b - 3. Give m(-3).
2
Let w be (-1)/(0 + -2)*-1*18. Let q(m) = m**3 + 10*m**2 + 8*m - 3. Calculate q(w).
6
Let q(g) = -g**2 - 6*g + 11. Let w be 3 + -2 + 1 + -10. What is q(w)?
-5
Let c be (5 + -6)*5/(-1). Let z(a) = -a**2 + 6*a - 3. What is z(c)?
2
Let v(t) = -11*t**3 - 23*t**2 + 8*t - 11. Let j(u) = 7*u**3 + 15*u**2 - 5*u + 7. Let p(f) = -8*j(f) - 5*v(f). What is p(-5)?
-1
Let l(p) = 3*p + 2. Let k = -8 - -15. Suppose 2*a + 0*r + 5 = r, 0 = -2*a - r - k. Calculate l(a).
-7
Let g = -134 + 127. Let s = -16 + 22. Let n = s + g. Let u(j) = -13*j**2. Determine u(n).
-13
Let n(d) be the first derivative of d**2/2 + 6*d + 7. Give n(-5).
1
Let g(j) = -4*j + j + 3 + 3*j**2 - 1. Suppose -2 - 8 = -5*x. Give g(x).
8
Let x(f) = 2*f**2 - 38 - f**2 - f + 37. Give x(-2).
5
Let m be (-2)/8 - (-42)/8. Let c be 1/2*2 + m. Let l(b) = -6 + c + b. Give l(4).
4
Let h(k) be the first derivative of k**3/3 - k**2/2 - 2*k - 14. What is h(2)?
0
Let g be 4 + -2 + -2 + -1. Let t(n) be the second derivative of 0*n**2 + 1/12*n**4 + 0*n**3 + 0 + n + 2/5*n**5. Give t(g).
-7
Suppose x + 2 = v, -3*v - 4 = -4*v. Let o(u) = -3*u + 13. Let m(i) be the second derivative of i**3/3 - 3*i**2 + i. Let l(q) = -9*m(q) - 4*o(q). Give l(x).
-10
Suppose 5*l = 4*f + 9 + 7, 0 = 2*l - f - 7. Let p(r) be the third derivative of 0*r - 1/6*r**3 + 1/20*r**6 + r**2 + 1/12*r**l + 0*r**5 + 0. What is p(1)?
7
Let h = -4 - -5. Let y(j) = h + 2 + j + 0. Let z(l) = 1. Let n(v) = y(v) + 3*z(v). Calculate n(0).
6
Let z(k) = 3*k + 4. Suppose -14 = 2*p + 2*s, -20 = -2*s + 7*s. Calculate z(p).
-5
Let x(i) = 1 - 2*i**3 + 1 + 6*i**2 - 20*i**2 + 11*i**2. Give x(-2).
6
Let h(k) = k**2 - k + 1. Let v(d) = 6*d**2 - 10*d + 11. Let y be (-6)/(-2)*(-20)/(-12). Let p(n) = y*h(n) - v(n). Determine p(5).
-6
Let k(r) = r**3 - 4*r**2 + r. Let y be (10/3 + -3)*3*3. Give k(y).
-6
Let o(r) be the first derivative of -1 + 1/2*r**3 + 2*r + 3/2*r**2. Let f(t) be the first derivative of o(t). Determine f(-3).
-6
Let w(d) = -3*d**3 - 5*d**2 - d - 4. Let p(g) = -4*g**3 + g**2 + 2*g**2 - 1 + 3*g**3 - 4*g**2. Let f(s) = -5*p(s) + w(s). Calculate f(1).
2
Let m(s) be the first derivative of -s**2 - s - 1. Suppose -3*z + 0*o - 6 = o, -3*z - 3*o = 12. Let y be (z - 1/(-2))*-6. Give m(y).
-7
Let q(u) be the first derivative of u + u**3 - 1/4*u**4 + 2*u**2 + 2. Give q(4).
1
Let w be (-1*5)/((-4)/(-16)*4). Let k(n) = n**2 + 5*n - 2. Give k(w).
-2
Let i(l) = 5*l**2 + 2*l + 1. Let d be i(-2). Let n = 11 - d. Let g(p) = -p**3 - 6*p**2 + 2*p + 3. What is g(n)?
-9
Let g(a) be the first derivative of a**3/6 + a**2 - 2*a - 4. Let s(q) be the first derivative of g(q). Give s(4).
6
Suppose -z - z + 6 = 0. Let g(w) = -2 + 2*w + 0*w + 1 - z*w. Suppose 4*v + 13 = 1. Determine g(v).
2
Let h(b) = -b**2 + 4*b + 1. Let q(j) = j - 10. Let l(t) = 4*t - 49. Let n(x) = -2*l(x) + 11*q(x). Let g be n(5). Determine h(g).
4
Let t be 12/9*(-9)/(-6). Let f(x) be the second derivative of x**4/12 - x**2 + 2*x. Determine f(t).
2
Suppose 0 = 3*h - 5*h + 2. Let f(x) = -2 + 2 - h - 2*x. Give f(-5).
9
Let w(c) = -c**2 + 2. Suppose -5*j - 1 = -2*p + 1, 3*j = -2*p + 2. Give w(j).
2
Let l(n) = n**3 - 11*n**2 - 3*n + 11. Let g(s) = s**3 - 10*s**2 - 2*s + 10. Let x = 9 - 4. Let d(o) = x*g(o) - 4*l(o). What is d(5)?
-9
Let s(n) = n**2 - 11*n + 4. Let q(i) = -i**2 + 10*i - 3. Let x(f) = -4*q(f) - 3*s(f). Determine x(6).
-6
Let u(s) = s**2 - s - 1. Suppose 3*j = 1 + 8. What is u(j)?
5
Let i(y) be the second derivative of y**3/3 + 4*y**2 + 24*y. Calculate i(-7).
-6
Let i(k) = -10*k**2 - k. Let z be 6/3*3/6. Give i(z).
-11
Suppose x = -0*x + 3*o - 7, -7 = x + 3*o. Let b be x - (-2)/(-1) - -3. Let q(t) = t**3 + 6*t**2 - 2*t - 4. Give q(b).
8
Let n = -1 - -2. Let y(r) = r**3 + 2*r**2 - 4*r - 2. Let u be y(-3). Let p(s) = 10*s**2 + 2 - u - 2. Determine p(n).
9
Let o(a) = -a**3 - 3*a**2 + 3*a + 3. Suppose 2*p - 20 = 7*p. Determine o(p).
7
Let x(q) = q**2 - 5*q - 3. Let i be x(6). Suppose -4*w = 4*c + 8, i*w + w = 2*c + 10. Let l(k) = k**3 + w - 2 - 8 + k**2. Give l(0).
-9
Let q(w) = 6*w**2 + 0 - w**3 + 5 + 1 - 2*w. Let f be q(4). Let z be (-1)/4 + f/(-8). Let m(i) = 2*i + 6. Give m(z).
-2
Let p = 80 + -157/2. Let t(v) be the first derivative of -1/4*v**4 - p*v**2 + 2 - v**3 - 3*v. Give t(-2).
-1
Let o(u) be the third derivative of -u**4/12 - 3*u**3/2 - 30*u**2 - 2*u. Calculate o(-5).
1
Let z(g) be the first derivative of g**3/3 + 2*g**2 - 2*g + 1. Suppose 0*x + 20 = -5*x. Give z(x).
-2
Let v be 3/(-9) - 10/6. Let j = -2 + -2. Let f = j - v. Let g(h) = h**2 + 2*h. Give g(f).
0
Let d(a) = 4 + 6*a - 3*a - 2 - a. Let m be 5*(8/5 - 2). Give d(m).
-2
Let h be 88/12 + 1/(-3) + 1. Let a(u) = 2*u - 3. Give a(h).
13
Let d(b) = 4*b - 3. Let m be d(2). Let t(r) be the first derivative of -5/2*r**2 + 1/4*r**4 - 1 + 7*r - 4/3*r**3. Calculate t(m).
7
Let b(m) be the second derivative of m**5/20 + 7*m**4/12 + 7*m**3/6 + 4*m**2 - 27*m. Give b(-6).
2
Let d be (1/2)/((-2)/(-12)). Let f(x) = 0 - 2*x + d - 2*x + 2*x**3. Calculate f(2).
11
Let g(u) = -u**3 + 2*u**2 + 6*u + 9. Let q(w) = w**2 + 2*w + 3. Let a(o) = 2*g(o) - 7*q(o). Determine a(-2).
5
Let q = -6 + 10. Let u(b) = 3*b + 2*b - q*b - 5 + b**2. Give u(-4).
7
Let r(f) = -2*f**3 - 7*f**2 - 3*f + 4. Let v be r(-3). Let y(s) = s**3 + 2*s**2 - s - 10. Let n(p) = p**2 - 1. Let i(o) = 5*n(o) - y(o). What is i(v)?
-7
Let b(r) be the second derivative of 9*r**5/20 + r**3/3 - r**2/2 - 16*r. Determine b(1).
10
Suppose 4*j + 14 + 18 = 0. Let o(g) = 2*g + 11. Give o(j).
-5
Let m(d) be the first derivative of d**5/60 - d**4/8 - d**3/2 + 5*d**2/2 - 6. Let v(n) be the second derivative of m(n). Give v(-2).
7
Suppose -2*n - 3*z = -n + 2, -3*n - 6 = -4*z. Let g = 7 + n. Let h(i) = -i**2 + 5*i + 5. Give h(g).
5
Let l(q) = -12*q**2 + 1. Suppose 3*j - 6*j = 3. What is l(j)?
-11
Let n(z) = -2*z + 2. Let h be n(5). Let b(v) = -v**2 - 9*v - 10. Let r be b(h). Let a be r/5 + 44/10. Let k(j) = 2*j - 2. Determine k(a).
6
Suppose -5*k - 4*y = -9, -k - 2*y =